{"id":526,"date":"2015-09-26T10:20:36","date_gmt":"2015-09-26T08:20:36","guid":{"rendered":"http:\/\/aikivudao.com\/?page_id=526"},"modified":"2023-07-29T11:42:34","modified_gmt":"2023-07-29T09:42:34","slug":"vo-su-nguyen-cong-tot","status":"publish","type":"page","link":"https:\/\/aikivudao.com\/?page_id=526","title":{"rendered":"V\u00f5 s\u01b0 Nguy\u1ec5n C\u00f4ng T\u00f4t"},"content":{"rendered":"\n<p>N\u00e9 en <b>1954<\/b> \u00e0 <b>Saigon<\/b> ( au sud du vietnam), quelques jours apr\u00e9s la survenance des \u00e9v\u00e9nements de <b>Di\u00e8n Bien Phu<\/b>, <b>Maurice Nguy\u1ec5n C\u00f4ng T\u00f4t<\/b> est le petit fils de <b>Madame Nguy\u1ec5n Thi Nhu<\/b> experte au maniement du baton dont la r\u00e9putation demeure.<\/p>\n\n\n\n<p>Tr\u00e9s t\u00f4t, <b>M.Nguy\u1ec5n C\u00f4ng T\u00f4t<\/b> e\u00fbt pour pr\u00e9cepteur, Ma\u00eetre Hong Long Son, lequel l&rsquo;initia aux techniques martiales vietnamiennes. Plus tard, <b>Maitre NGOT<\/b> lui inculqua les concepts philosophiques et historistes du <b>Viet Vu Dao<\/b>. A l&rsquo;age de 10 ans, <b>Nguy\u00ean C\u00f4ng T\u00f4t<\/b> parlait et \u00e9crivait en trois langues, le Vietnamien, l&rsquo;Anglais et le Fran\u00e7ais.<\/p>\n\n\n\n<p>Arriv\u00e9 en France au milieu des ann\u00e9es 60, T\u00f4t devait retrouver <b>Maitre Son<\/b> , avec qui il travailla quelques temps avant que celui-ci ne reparte pour le Vietnam. Puis il rencontra <b>Maitre Chi<\/b> qui l&rsquo;initia \u00e0 l&rsquo;\u00e9criture id\u00e9ographique, lui permettant de compl\u00e9ter ses connaissances. Enfin, quand tous ses Maitres s&rsquo;en furent all\u00e9es en <b>1974<\/b>, <b>T\u00f4t s&rsquo;\u00e9tablit \u00e0 Marseille<\/b> o\u00f9 il contribua au d\u00e9veloppement de son art. C&rsquo;est l\u00e0 qu&rsquo;il rencontre Jean-Pierre ROUVIERE enseignant d&rsquo;A\u00efkido. D\u00e9sormais amis de longue date, ils ont contribu\u00e9 \u00e0 l&rsquo;essor des arts martiaux vietnamiens traditionnels.<\/p>\n\n\n\n<p>Maitre T\u00f4t est l&rsquo;un des co-fondateur de l&rsquo;Aikivudao avec Jean-Pierre ROUVIERE.<\/p>\n\n\n\n<figure class=\"is-layout-flex wp-block-gallery-1 wp-block-gallery has-nested-images columns-default is-cropped\">\n<figure class=\"wp-block-image size-large\"><a href=\"https:\/\/aikivudao.com\/wp-content\/uploads\/2023\/07\/P1090197.jpg\"><img decoding=\"async\" loading=\"lazy\" width=\"768\" height=\"1024\" data-id=\"2959\"  src=\"https:\/\/aikivudao.com\/wp-content\/uploads\/2023\/07\/P1090197-768x1024.jpg\" alt=\"\" class=\"wp-image-2959\" srcset=\"https:\/\/aikivudao.com\/wp-content\/uploads\/2023\/07\/P1090197-768x1024.jpg 768w, https:\/\/aikivudao.com\/wp-content\/uploads\/2023\/07\/P1090197-225x300.jpg 225w, https:\/\/aikivudao.com\/wp-content\/uploads\/2023\/07\/P1090197-1152x1536.jpg 1152w, https:\/\/aikivudao.com\/wp-content\/uploads\/2023\/07\/P1090197-188x250.jpg 188w, https:\/\/aikivudao.com\/wp-content\/uploads\/2023\/07\/P1090197-1320x1760.jpg 1320w, https:\/\/aikivudao.com\/wp-content\/uploads\/2023\/07\/P1090197.jpg 1536w\" sizes=\"(max-width: 768px) 100vw, 768px\" \/><\/a><\/figure>\n\n\n\n<figure class=\"wp-block-image size-large\"><a href=\"https:\/\/aikivudao.com\/wp-content\/uploads\/2023\/07\/P1090710-scaled.jpg\"><img decoding=\"async\" loading=\"lazy\" width=\"1024\" height=\"768\" data-id=\"2960\"  src=\"https:\/\/aikivudao.com\/wp-content\/uploads\/2023\/07\/P1090710-1024x768.jpg\" alt=\"\" class=\"wp-image-2960\" srcset=\"https:\/\/aikivudao.com\/wp-content\/uploads\/2023\/07\/P1090710-1024x768.jpg 1024w, https:\/\/aikivudao.com\/wp-content\/uploads\/2023\/07\/P1090710-300x225.jpg 300w, https:\/\/aikivudao.com\/wp-content\/uploads\/2023\/07\/P1090710-768x576.jpg 768w, https:\/\/aikivudao.com\/wp-content\/uploads\/2023\/07\/P1090710-1536x1152.jpg 1536w, https:\/\/aikivudao.com\/wp-content\/uploads\/2023\/07\/P1090710-2048x1536.jpg 2048w, https:\/\/aikivudao.com\/wp-content\/uploads\/2023\/07\/P1090710-333x250.jpg 333w, https:\/\/aikivudao.com\/wp-content\/uploads\/2023\/07\/P1090710-1920x1440.jpg 1920w, https:\/\/aikivudao.com\/wp-content\/uploads\/2023\/07\/P1090710-1320x990.jpg 1320w\" sizes=\"(max-width: 1024px) 100vw, 1024px\" \/><\/a><\/figure>\n\n\n\n<figure class=\"wp-block-image size-large\"><a href=\"https:\/\/aikivudao.com\/wp-content\/uploads\/2020\/07\/IMG_0580.jpg\"><img decoding=\"async\" loading=\"lazy\" width=\"768\" height=\"512\" data-id=\"2174\"  src=\"https:\/\/aikivudao.com\/wp-content\/uploads\/2020\/07\/IMG_0580.jpg\" alt=\"\" class=\"wp-image-2174\" srcset=\"https:\/\/aikivudao.com\/wp-content\/uploads\/2020\/07\/IMG_0580.jpg 768w, https:\/\/aikivudao.com\/wp-content\/uploads\/2020\/07\/IMG_0580-300x200.jpg 300w\" sizes=\"(max-width: 768px) 100vw, 768px\" \/><\/a><figcaption class=\"wp-element-caption\">Jean-Pierre et les maitres vietnamiens<\/figcaption><\/figure>\n<\/figure>\n\n\n\n<figure class=\"is-layout-flex wp-block-gallery-3 wp-block-gallery has-nested-images columns-4 is-cropped\">\n<figure class=\"wp-block-image size-large\"><a href=\"https:\/\/aikivudao.com\/wp-content\/uploads\/2023\/07\/high7.jpg\"><img decoding=\"async\" loading=\"lazy\" width=\"322\" height=\"600\" data-id=\"2962\"  src=\"https:\/\/aikivudao.com\/wp-content\/uploads\/2023\/07\/high7.jpg\" alt=\"\" class=\"wp-image-2962\" srcset=\"https:\/\/aikivudao.com\/wp-content\/uploads\/2023\/07\/high7.jpg 322w, https:\/\/aikivudao.com\/wp-content\/uploads\/2023\/07\/high7-161x300.jpg 161w, https:\/\/aikivudao.com\/wp-content\/uploads\/2023\/07\/high7-134x250.jpg 134w\" sizes=\"(max-width: 322px) 100vw, 322px\" \/><\/a><\/figure>\n\n\n\n<figure class=\"wp-block-image size-large\"><a href=\"https:\/\/aikivudao.com\/wp-content\/uploads\/2023\/07\/high1.jpg\"><img decoding=\"async\" loading=\"lazy\" width=\"322\" height=\"625\" data-id=\"2964\"  src=\"https:\/\/aikivudao.com\/wp-content\/uploads\/2023\/07\/high1.jpg\" alt=\"\" class=\"wp-image-2964\" srcset=\"https:\/\/aikivudao.com\/wp-content\/uploads\/2023\/07\/high1.jpg 322w, https:\/\/aikivudao.com\/wp-content\/uploads\/2023\/07\/high1-155x300.jpg 155w, https:\/\/aikivudao.com\/wp-content\/uploads\/2023\/07\/high1-129x250.jpg 129w\" sizes=\"(max-width: 322px) 100vw, 322px\" \/><\/a><\/figure>\n\n\n\n<figure class=\"wp-block-image size-large\"><a href=\"https:\/\/aikivudao.com\/wp-content\/uploads\/2023\/07\/high11.jpg\"><img decoding=\"async\" loading=\"lazy\" width=\"322\" height=\"445\" data-id=\"2963\"  src=\"https:\/\/aikivudao.com\/wp-content\/uploads\/2023\/07\/high11.jpg\" alt=\"\" class=\"wp-image-2963\" srcset=\"https:\/\/aikivudao.com\/wp-content\/uploads\/2023\/07\/high11.jpg 322w, https:\/\/aikivudao.com\/wp-content\/uploads\/2023\/07\/high11-217x300.jpg 217w, https:\/\/aikivudao.com\/wp-content\/uploads\/2023\/07\/high11-181x250.jpg 181w\" sizes=\"(max-width: 322px) 100vw, 322px\" \/><\/a><\/figure>\n\n\n\n<figure class=\"wp-block-image size-large\"><a href=\"https:\/\/aikivudao.com\/wp-content\/uploads\/2023\/07\/high3.jpg\"><img decoding=\"async\" loading=\"lazy\" width=\"322\" height=\"414\" data-id=\"2961\"  src=\"https:\/\/aikivudao.com\/wp-content\/uploads\/2023\/07\/high3.jpg\" alt=\"\" class=\"wp-image-2961\" srcset=\"https:\/\/aikivudao.com\/wp-content\/uploads\/2023\/07\/high3.jpg 322w, https:\/\/aikivudao.com\/wp-content\/uploads\/2023\/07\/high3-233x300.jpg 233w, https:\/\/aikivudao.com\/wp-content\/uploads\/2023\/07\/high3-194x250.jpg 194w\" sizes=\"(max-width: 322px) 100vw, 322px\" \/><\/a><\/figure>\n<\/figure>\n\n\n<div class=\"wp-block-image\">\n<figure class=\"aligncenter\"><a href=\"https:\/\/aikivudao.com\/wp-content\/uploads\/2015\/03\/old10WEB.jpg\"><img decoding=\"async\" loading=\"lazy\" width=\"569\" height=\"350\" src=\"https:\/\/aikivudao.com\/wp-content\/uploads\/2015\/03\/old10WEB.jpg\" alt=\"old10WEB\" class=\"wp-image-57\" srcset=\"https:\/\/aikivudao.com\/wp-content\/uploads\/2015\/03\/old10WEB.jpg 569w, https:\/\/aikivudao.com\/wp-content\/uploads\/2015\/03\/old10WEB-300x184.jpg 300w\" sizes=\"(max-width: 569px) 100vw, 569px\" \/><\/a><\/figure><\/div>","protected":false},"excerpt":{"rendered":"<p>N\u00e9 en 1954 \u00e0 Saigon ( au sud du vietnam), quelques jours apr\u00e9s la survenance des \u00e9v\u00e9nements de Di\u00e8n Bien Phu, Maurice Nguy\u1ec5n C\u00f4ng T\u00f4t est le petit fils de Madame Nguy\u1ec5n Thi Nhu experte au maniement du baton dont la r\u00e9putation demeure. Tr\u00e9s t\u00f4t, M.Nguy\u1ec5n C\u00f4ng T\u00f4t e\u00fbt pour &hellip;<\/p>\n","protected":false},"author":1,"featured_media":0,"parent":0,"menu_order":0,"comment_status":"closed","ping_status":"closed","template":"","meta":[],"yoast_head":"<!-- This site is optimized with the Yoast SEO plugin v21.1 - https:\/\/yoast.com\/wordpress\/plugins\/seo\/ -->\n<title>V\u00f5 s\u01b0 Nguy\u1ec5n C\u00f4ng T\u00f4t - AIKI VU DAO<\/title>\n<meta name=\"robots\" content=\"index, follow, max-snippet:-1, max-image-preview:large, max-video-preview:-1\" \/>\n<link rel=\"canonical\" href=\"https:\/\/aikivudao.com\/?page_id=526\" \/>\n<meta property=\"og:locale\" content=\"fr_FR\" \/>\n<meta property=\"og:type\" content=\"article\" \/>\n<meta property=\"og:title\" content=\"V\u00f5 s\u01b0 Nguy\u1ec5n C\u00f4ng T\u00f4t - AIKI VU DAO\" \/>\n<meta property=\"og:description\" content=\"N\u00e9 en 1954 \u00e0 Saigon ( au sud du vietnam), quelques jours apr\u00e9s la survenance des \u00e9v\u00e9nements de Di\u00e8n Bien Phu, Maurice Nguy\u1ec5n C\u00f4ng T\u00f4t est le petit fils de Madame Nguy\u1ec5n Thi Nhu experte au maniement du baton dont la r\u00e9putation demeure. Tr\u00e9s t\u00f4t, M.Nguy\u1ec5n C\u00f4ng T\u00f4t e\u00fbt pour &hellip;\" \/>\n<meta property=\"og:url\" content=\"https:\/\/aikivudao.com\/?page_id=526\" \/>\n<meta property=\"og:site_name\" content=\"AIKI VU DAO\" \/>\n<meta property=\"article:modified_time\" content=\"2023-07-29T09:42:34+00:00\" \/>\n<meta property=\"og:image\" content=\"https:\/\/aikivudao.com\/wp-content\/uploads\/2023\/07\/P1090197-768x1024.jpg\" \/>\n<meta name=\"twitter:card\" content=\"summary_large_image\" \/>\n<script type=\"application\/ld+json\" class=\"yoast-schema-graph\">{\"@context\":\"https:\/\/schema.org\",\"@graph\":[{\"@type\":\"WebPage\",\"@id\":\"https:\/\/aikivudao.com\/?page_id=526\",\"url\":\"https:\/\/aikivudao.com\/?page_id=526\",\"name\":\"V\u00f5 s\u01b0 Nguy\u1ec5n C\u00f4ng T\u00f4t - AIKI VU DAO\",\"isPartOf\":{\"@id\":\"https:\/\/aikivudao.com\/#website\"},\"datePublished\":\"2015-09-26T08:20:36+00:00\",\"dateModified\":\"2023-07-29T09:42:34+00:00\",\"breadcrumb\":{\"@id\":\"https:\/\/aikivudao.com\/?page_id=526#breadcrumb\"},\"inLanguage\":\"fr-FR\",\"potentialAction\":[{\"@type\":\"ReadAction\",\"target\":[\"https:\/\/aikivudao.com\/?page_id=526\"]}]},{\"@type\":\"BreadcrumbList\",\"@id\":\"https:\/\/aikivudao.com\/?page_id=526#breadcrumb\",\"itemListElement\":[{\"@type\":\"ListItem\",\"position\":1,\"name\":\"Accueil\",\"item\":\"https:\/\/aikivudao.com\/\"},{\"@type\":\"ListItem\",\"position\":2,\"name\":\"V\u00f5 s\u01b0 Nguy\u1ec5n C\u00f4ng T\u00f4t\"}]},{\"@type\":\"WebSite\",\"@id\":\"https:\/\/aikivudao.com\/#website\",\"url\":\"https:\/\/aikivudao.com\/\",\"name\":\"AIKI VU DAO\",\"description\":\"Ecole d&#039;A\u00efkido - art martial japonais, aikibudoviet\",\"potentialAction\":[{\"@type\":\"SearchAction\",\"target\":{\"@type\":\"EntryPoint\",\"urlTemplate\":\"https:\/\/aikivudao.com\/?s={search_term_string}\"},\"query-input\":\"required name=search_term_string\"}],\"inLanguage\":\"fr-FR\"}]}<\/script>\n<!-- \/ Yoast SEO plugin. -->","yoast_head_json":{"title":"V\u00f5 s\u01b0 Nguy\u1ec5n C\u00f4ng T\u00f4t - AIKI VU DAO","robots":{"index":"index","follow":"follow","max-snippet":"max-snippet:-1","max-image-preview":"max-image-preview:large","max-video-preview":"max-video-preview:-1"},"canonical":"https:\/\/aikivudao.com\/?page_id=526","og_locale":"fr_FR","og_type":"article","og_title":"V\u00f5 s\u01b0 Nguy\u1ec5n C\u00f4ng T\u00f4t - AIKI VU DAO","og_description":"N\u00e9 en 1954 \u00e0 Saigon ( au sud du vietnam), quelques jours apr\u00e9s la survenance des \u00e9v\u00e9nements de Di\u00e8n Bien Phu, Maurice Nguy\u1ec5n C\u00f4ng T\u00f4t est le petit fils de Madame Nguy\u1ec5n Thi Nhu experte au maniement du baton dont la r\u00e9putation demeure. Tr\u00e9s t\u00f4t, M.Nguy\u1ec5n C\u00f4ng T\u00f4t e\u00fbt pour &hellip;","og_url":"https:\/\/aikivudao.com\/?page_id=526","og_site_name":"AIKI VU DAO","article_modified_time":"2023-07-29T09:42:34+00:00","og_image":[{"url":"https:\/\/aikivudao.com\/wp-content\/uploads\/2023\/07\/P1090197-768x1024.jpg"}],"twitter_card":"summary_large_image","schema":{"@context":"https:\/\/schema.org","@graph":[{"@type":"WebPage","@id":"https:\/\/aikivudao.com\/?page_id=526","url":"https:\/\/aikivudao.com\/?page_id=526","name":"V\u00f5 s\u01b0 Nguy\u1ec5n C\u00f4ng T\u00f4t - AIKI VU DAO","isPartOf":{"@id":"https:\/\/aikivudao.com\/#website"},"datePublished":"2015-09-26T08:20:36+00:00","dateModified":"2023-07-29T09:42:34+00:00","breadcrumb":{"@id":"https:\/\/aikivudao.com\/?page_id=526#breadcrumb"},"inLanguage":"fr-FR","potentialAction":[{"@type":"ReadAction","target":["https:\/\/aikivudao.com\/?page_id=526"]}]},{"@type":"BreadcrumbList","@id":"https:\/\/aikivudao.com\/?page_id=526#breadcrumb","itemListElement":[{"@type":"ListItem","position":1,"name":"Accueil","item":"https:\/\/aikivudao.com\/"},{"@type":"ListItem","position":2,"name":"V\u00f5 s\u01b0 Nguy\u1ec5n C\u00f4ng T\u00f4t"}]},{"@type":"WebSite","@id":"https:\/\/aikivudao.com\/#website","url":"https:\/\/aikivudao.com\/","name":"AIKI VU DAO","description":"Ecole d&#039;A\u00efkido - art martial japonais, aikibudoviet","potentialAction":[{"@type":"SearchAction","target":{"@type":"EntryPoint","urlTemplate":"https:\/\/aikivudao.com\/?s={search_term_string}"},"query-input":"required name=search_term_string"}],"inLanguage":"fr-FR"}]}},"_links":{"self":[{"href":"https:\/\/aikivudao.com\/index.php?rest_route=\/wp\/v2\/pages\/526"}],"collection":[{"href":"https:\/\/aikivudao.com\/index.php?rest_route=\/wp\/v2\/pages"}],"about":[{"href":"https:\/\/aikivudao.com\/index.php?rest_route=\/wp\/v2\/types\/page"}],"author":[{"embeddable":true,"href":"https:\/\/aikivudao.com\/index.php?rest_route=\/wp\/v2\/users\/1"}],"replies":[{"embeddable":true,"href":"https:\/\/aikivudao.com\/index.php?rest_route=%2Fwp%2Fv2%2Fcomments&post=526"}],"version-history":[{"count":2,"href":"https:\/\/aikivudao.com\/index.php?rest_route=\/wp\/v2\/pages\/526\/revisions"}],"predecessor-version":[{"id":2965,"href":"https:\/\/aikivudao.com\/index.php?rest_route=\/wp\/v2\/pages\/526\/revisions\/2965"}],"wp:attachment":[{"href":"https:\/\/aikivudao.com\/index.php?rest_route=%2Fwp%2Fv2%2Fmedia&parent=526"}],"curies":[{"name":"wp","href":"https:\/\/api.w.org\/{rel}","templated":true}]}}