{"id":2801,"date":"2022-09-11T16:15:36","date_gmt":"2022-09-11T14:15:36","guid":{"rendered":"https:\/\/aikivudao.com\/?page_id=2801"},"modified":"2022-09-11T16:18:42","modified_gmt":"2022-09-11T14:18:42","slug":"accessoires","status":"publish","type":"page","link":"https:\/\/aikivudao.com\/?page_id=2801","title":{"rendered":"Accessoires"},"content":{"rendered":"\n<h2>\u00e9cussons<\/h2>\n\n\n\n<p>L&rsquo;\u00e9cusson A\u00efkivudao est offert lors de la premi\u00e8re prise de licence.<br>Les \u00e9cussons compl\u00e9mentaires sont vendus 2\u20ac\/pi\u00e8ce. Les sommes recueillies permettent de contribuer aux activit\u00e9s des clubs.<\/p>\n\n\n\n<figure class=\"wp-block-image size-large\"><a href=\"https:\/\/aikivudao.com\/wp-content\/uploads\/2022\/09\/ecussons.jpg\"><img decoding=\"async\" loading=\"lazy\" width=\"1024\" height=\"572\" src=\"https:\/\/aikivudao.com\/wp-content\/uploads\/2022\/09\/ecussons-1024x572.jpg\" alt=\"\" class=\"wp-image-2802\" srcset=\"https:\/\/aikivudao.com\/wp-content\/uploads\/2022\/09\/ecussons-1024x572.jpg 1024w, https:\/\/aikivudao.com\/wp-content\/uploads\/2022\/09\/ecussons-300x168.jpg 300w, https:\/\/aikivudao.com\/wp-content\/uploads\/2022\/09\/ecussons-768x429.jpg 768w, https:\/\/aikivudao.com\/wp-content\/uploads\/2022\/09\/ecussons-447x250.jpg 447w, https:\/\/aikivudao.com\/wp-content\/uploads\/2022\/09\/ecussons-1320x738.jpg 1320w, https:\/\/aikivudao.com\/wp-content\/uploads\/2022\/09\/ecussons.jpg 1347w\" sizes=\"(max-width: 1024px) 100vw, 1024px\" \/><\/a><\/figure>\n\n\n\n<h2>Teeshirts<\/h2>\n\n\n\n<p>Chaque ann\u00e9e, des v\u00eatement (teeshirts, sweat, &#8230;) son \u00e9dit\u00e9s pour tous.<br>Renseignez-vous aupr\u00e8s de vos clubs si vous souhaitez r\u00e9cup\u00e9rer un produit. Attention le stock est tr\u00e8s r\u00e9duit !<br>Tarif 15\u20ac pour les teeshirts et polos. Les sommes recueillies permettent de contribuer aux activit\u00e9s des clubs.<\/p>\n\n\n\n<figure class=\"is-layout-flex wp-block-gallery-1 wp-block-gallery has-nested-images columns-default is-cropped\">\n<figure class=\"wp-block-image size-full\"><a href=\"https:\/\/aikivudao.com\/wp-content\/uploads\/2022\/09\/image-3.png\"><img decoding=\"async\" loading=\"lazy\" width=\"731\" height=\"842\" data-id=\"2806\"  src=\"https:\/\/aikivudao.com\/wp-content\/uploads\/2022\/09\/image-3.png\" alt=\"\" class=\"wp-image-2806\" srcset=\"https:\/\/aikivudao.com\/wp-content\/uploads\/2022\/09\/image-3.png 731w, https:\/\/aikivudao.com\/wp-content\/uploads\/2022\/09\/image-3-260x300.png 260w, https:\/\/aikivudao.com\/wp-content\/uploads\/2022\/09\/image-3-217x250.png 217w\" sizes=\"(max-width: 731px) 100vw, 731px\" \/><\/a><figcaption>Polo Homme<\/figcaption><\/figure>\n\n\n\n<figure class=\"wp-block-image size-full\"><a href=\"https:\/\/aikivudao.com\/wp-content\/uploads\/2022\/09\/image-2.png\"><img decoding=\"async\" loading=\"lazy\" width=\"782\" height=\"844\" data-id=\"2805\"  src=\"https:\/\/aikivudao.com\/wp-content\/uploads\/2022\/09\/image-2.png\" alt=\"\" class=\"wp-image-2805\" srcset=\"https:\/\/aikivudao.com\/wp-content\/uploads\/2022\/09\/image-2.png 782w, https:\/\/aikivudao.com\/wp-content\/uploads\/2022\/09\/image-2-278x300.png 278w, https:\/\/aikivudao.com\/wp-content\/uploads\/2022\/09\/image-2-768x829.png 768w, https:\/\/aikivudao.com\/wp-content\/uploads\/2022\/09\/image-2-232x250.png 232w\" sizes=\"(max-width: 782px) 100vw, 782px\" \/><\/a><figcaption>Teeshirt H ou F<\/figcaption><\/figure>\n\n\n\n<figure class=\"wp-block-image size-full\"><a href=\"https:\/\/aikivudao.com\/wp-content\/uploads\/2022\/09\/image-1.png\"><img decoding=\"async\" loading=\"lazy\" width=\"817\" height=\"841\" data-id=\"2804\"  src=\"https:\/\/aikivudao.com\/wp-content\/uploads\/2022\/09\/image-1.png\" alt=\"\" class=\"wp-image-2804\" srcset=\"https:\/\/aikivudao.com\/wp-content\/uploads\/2022\/09\/image-1.png 817w, https:\/\/aikivudao.com\/wp-content\/uploads\/2022\/09\/image-1-291x300.png 291w, https:\/\/aikivudao.com\/wp-content\/uploads\/2022\/09\/image-1-768x791.png 768w, https:\/\/aikivudao.com\/wp-content\/uploads\/2022\/09\/image-1-243x250.png 243w, https:\/\/aikivudao.com\/wp-content\/uploads\/2022\/09\/image-1-45x45.png 45w\" sizes=\"(max-width: 817px) 100vw, 817px\" \/><\/a><figcaption>Teeshirt H ou F<\/figcaption><\/figure>\n<\/figure>\n","protected":false},"excerpt":{"rendered":"<p>\u00e9cussons L&rsquo;\u00e9cusson A\u00efkivudao est offert lors de la premi\u00e8re prise de licence.Les \u00e9cussons compl\u00e9mentaires sont vendus 2\u20ac\/pi\u00e8ce. Les sommes recueillies permettent de contribuer aux activit\u00e9s des clubs. Teeshirts Chaque ann\u00e9e, des v\u00eatement (teeshirts, sweat, &#8230;) son \u00e9dit\u00e9s pour tous.Renseignez-vous aupr\u00e8s de vos clubs si vous souhaitez r\u00e9cup\u00e9rer un produit. Attention &hellip;<\/p>\n","protected":false},"author":1,"featured_media":0,"parent":0,"menu_order":0,"comment_status":"closed","ping_status":"closed","template":"","meta":[],"yoast_head":"<!-- This site is optimized with the Yoast SEO plugin v21.1 - https:\/\/yoast.com\/wordpress\/plugins\/seo\/ -->\n<title>Accessoires - AIKI VU DAO<\/title>\n<meta name=\"robots\" content=\"index, follow, max-snippet:-1, max-image-preview:large, max-video-preview:-1\" \/>\n<link rel=\"canonical\" href=\"https:\/\/aikivudao.com\/?page_id=2801\" \/>\n<meta property=\"og:locale\" content=\"fr_FR\" \/>\n<meta property=\"og:type\" content=\"article\" \/>\n<meta property=\"og:title\" content=\"Accessoires - AIKI VU DAO\" \/>\n<meta property=\"og:description\" content=\"\u00e9cussons L&rsquo;\u00e9cusson A\u00efkivudao est offert lors de la premi\u00e8re prise de licence.Les \u00e9cussons compl\u00e9mentaires sont vendus 2\u20ac\/pi\u00e8ce. Les sommes recueillies permettent de contribuer aux activit\u00e9s des clubs. Teeshirts Chaque ann\u00e9e, des v\u00eatement (teeshirts, sweat, &#8230;) son \u00e9dit\u00e9s pour tous.Renseignez-vous aupr\u00e8s de vos clubs si vous souhaitez r\u00e9cup\u00e9rer un produit. Attention &hellip;\" \/>\n<meta property=\"og:url\" content=\"https:\/\/aikivudao.com\/?page_id=2801\" \/>\n<meta property=\"og:site_name\" content=\"AIKI VU DAO\" \/>\n<meta property=\"article:modified_time\" content=\"2022-09-11T14:18:42+00:00\" \/>\n<meta property=\"og:image\" content=\"https:\/\/aikivudao.com\/wp-content\/uploads\/2022\/09\/ecussons-1024x572.jpg\" \/>\n<meta name=\"twitter:card\" content=\"summary_large_image\" \/>\n<script type=\"application\/ld+json\" class=\"yoast-schema-graph\">{\"@context\":\"https:\/\/schema.org\",\"@graph\":[{\"@type\":\"WebPage\",\"@id\":\"https:\/\/aikivudao.com\/?page_id=2801\",\"url\":\"https:\/\/aikivudao.com\/?page_id=2801\",\"name\":\"Accessoires - AIKI VU DAO\",\"isPartOf\":{\"@id\":\"https:\/\/aikivudao.com\/#website\"},\"datePublished\":\"2022-09-11T14:15:36+00:00\",\"dateModified\":\"2022-09-11T14:18:42+00:00\",\"breadcrumb\":{\"@id\":\"https:\/\/aikivudao.com\/?page_id=2801#breadcrumb\"},\"inLanguage\":\"fr-FR\",\"potentialAction\":[{\"@type\":\"ReadAction\",\"target\":[\"https:\/\/aikivudao.com\/?page_id=2801\"]}]},{\"@type\":\"BreadcrumbList\",\"@id\":\"https:\/\/aikivudao.com\/?page_id=2801#breadcrumb\",\"itemListElement\":[{\"@type\":\"ListItem\",\"position\":1,\"name\":\"Accueil\",\"item\":\"https:\/\/aikivudao.com\/\"},{\"@type\":\"ListItem\",\"position\":2,\"name\":\"Accessoires\"}]},{\"@type\":\"WebSite\",\"@id\":\"https:\/\/aikivudao.com\/#website\",\"url\":\"https:\/\/aikivudao.com\/\",\"name\":\"AIKI VU DAO\",\"description\":\"Ecole d&#039;A\u00efkido - art martial japonais, aikibudoviet\",\"potentialAction\":[{\"@type\":\"SearchAction\",\"target\":{\"@type\":\"EntryPoint\",\"urlTemplate\":\"https:\/\/aikivudao.com\/?s={search_term_string}\"},\"query-input\":\"required name=search_term_string\"}],\"inLanguage\":\"fr-FR\"}]}<\/script>\n<!-- \/ Yoast SEO plugin. -->","yoast_head_json":{"title":"Accessoires - AIKI VU DAO","robots":{"index":"index","follow":"follow","max-snippet":"max-snippet:-1","max-image-preview":"max-image-preview:large","max-video-preview":"max-video-preview:-1"},"canonical":"https:\/\/aikivudao.com\/?page_id=2801","og_locale":"fr_FR","og_type":"article","og_title":"Accessoires - AIKI VU DAO","og_description":"\u00e9cussons L&rsquo;\u00e9cusson A\u00efkivudao est offert lors de la premi\u00e8re prise de licence.Les \u00e9cussons compl\u00e9mentaires sont vendus 2\u20ac\/pi\u00e8ce. Les sommes recueillies permettent de contribuer aux activit\u00e9s des clubs. Teeshirts Chaque ann\u00e9e, des v\u00eatement (teeshirts, sweat, &#8230;) son \u00e9dit\u00e9s pour tous.Renseignez-vous aupr\u00e8s de vos clubs si vous souhaitez r\u00e9cup\u00e9rer un produit. Attention &hellip;","og_url":"https:\/\/aikivudao.com\/?page_id=2801","og_site_name":"AIKI VU DAO","article_modified_time":"2022-09-11T14:18:42+00:00","og_image":[{"url":"https:\/\/aikivudao.com\/wp-content\/uploads\/2022\/09\/ecussons-1024x572.jpg"}],"twitter_card":"summary_large_image","schema":{"@context":"https:\/\/schema.org","@graph":[{"@type":"WebPage","@id":"https:\/\/aikivudao.com\/?page_id=2801","url":"https:\/\/aikivudao.com\/?page_id=2801","name":"Accessoires - AIKI VU DAO","isPartOf":{"@id":"https:\/\/aikivudao.com\/#website"},"datePublished":"2022-09-11T14:15:36+00:00","dateModified":"2022-09-11T14:18:42+00:00","breadcrumb":{"@id":"https:\/\/aikivudao.com\/?page_id=2801#breadcrumb"},"inLanguage":"fr-FR","potentialAction":[{"@type":"ReadAction","target":["https:\/\/aikivudao.com\/?page_id=2801"]}]},{"@type":"BreadcrumbList","@id":"https:\/\/aikivudao.com\/?page_id=2801#breadcrumb","itemListElement":[{"@type":"ListItem","position":1,"name":"Accueil","item":"https:\/\/aikivudao.com\/"},{"@type":"ListItem","position":2,"name":"Accessoires"}]},{"@type":"WebSite","@id":"https:\/\/aikivudao.com\/#website","url":"https:\/\/aikivudao.com\/","name":"AIKI VU DAO","description":"Ecole d&#039;A\u00efkido - art martial japonais, aikibudoviet","potentialAction":[{"@type":"SearchAction","target":{"@type":"EntryPoint","urlTemplate":"https:\/\/aikivudao.com\/?s={search_term_string}"},"query-input":"required name=search_term_string"}],"inLanguage":"fr-FR"}]}},"_links":{"self":[{"href":"https:\/\/aikivudao.com\/index.php?rest_route=\/wp\/v2\/pages\/2801"}],"collection":[{"href":"https:\/\/aikivudao.com\/index.php?rest_route=\/wp\/v2\/pages"}],"about":[{"href":"https:\/\/aikivudao.com\/index.php?rest_route=\/wp\/v2\/types\/page"}],"author":[{"embeddable":true,"href":"https:\/\/aikivudao.com\/index.php?rest_route=\/wp\/v2\/users\/1"}],"replies":[{"embeddable":true,"href":"https:\/\/aikivudao.com\/index.php?rest_route=%2Fwp%2Fv2%2Fcomments&post=2801"}],"version-history":[{"count":2,"href":"https:\/\/aikivudao.com\/index.php?rest_route=\/wp\/v2\/pages\/2801\/revisions"}],"predecessor-version":[{"id":2810,"href":"https:\/\/aikivudao.com\/index.php?rest_route=\/wp\/v2\/pages\/2801\/revisions\/2810"}],"wp:attachment":[{"href":"https:\/\/aikivudao.com\/index.php?rest_route=%2Fwp%2Fv2%2Fmedia&parent=2801"}],"curies":[{"name":"wp","href":"https:\/\/api.w.org\/{rel}","templated":true}]}}