{"id":24,"date":"2015-03-02T08:52:38","date_gmt":"2015-03-02T08:52:38","guid":{"rendered":"http:\/\/aikivudao.com\/?page_id=24"},"modified":"2023-07-30T16:02:39","modified_gmt":"2023-07-30T14:02:39","slug":"grades","status":"publish","type":"page","link":"https:\/\/aikivudao.com\/?page_id=24","title":{"rendered":"Grades"},"content":{"rendered":"\n<h2><a href=\"https:\/\/aikivudao.com\/wp-content\/uploads\/2015\/03\/IMG_0149.jpg\"><img decoding=\"async\" loading=\"lazy\" width=\"300\" height=\"200\" class=\"alignnone size-medium wp-image-25\" src=\"https:\/\/aikivudao.com\/wp-content\/uploads\/2015\/03\/IMG_0149-300x200.jpg\" alt=\"IMG_0149\" srcset=\"https:\/\/aikivudao.com\/wp-content\/uploads\/2015\/03\/IMG_0149-300x200.jpg 300w, https:\/\/aikivudao.com\/wp-content\/uploads\/2015\/03\/IMG_0149-1024x682.jpg 1024w\" sizes=\"(max-width: 300px) 100vw, 300px\" \/><\/a>\u00a0<\/h2>\n\n\n\n<h3> Les grades :<\/h3>\n\n\n<div class=\"wp-block-image\">\n<figure class=\"aligncenter\"><a href=\"https:\/\/aikivudao.com\/wp-content\/uploads\/2016\/10\/grades.jpg\"><img decoding=\"async\" loading=\"lazy\" width=\"1024\" height=\"251\" src=\"https:\/\/aikivudao.com\/wp-content\/uploads\/2016\/10\/grades-1024x251.jpg\" alt=\"grades\" class=\"wp-image-739\" srcset=\"https:\/\/aikivudao.com\/wp-content\/uploads\/2016\/10\/grades-1024x251.jpg 1024w, https:\/\/aikivudao.com\/wp-content\/uploads\/2016\/10\/grades-300x74.jpg 300w, https:\/\/aikivudao.com\/wp-content\/uploads\/2016\/10\/grades-768x188.jpg 768w, https:\/\/aikivudao.com\/wp-content\/uploads\/2016\/10\/grades.jpg 1200w\" sizes=\"(max-width: 1024px) 100vw, 1024px\" \/><\/a><\/figure><\/div>\n\n\n<p>En<strong> A\u00efki Vu Dao<\/strong>, nous avons adopt\u00e9 un syst\u00e8me de passage de grades \u00e9quivalent au judo ou au vietvudao. Il s\u2019agit de ceintures de couleurs jusqu\u2019\u00e0 la ceinture noire puis de grades appel\u00e9s Dang (pour notre lien avec les arts martiaux vietnamiens). Bien que le grade n&rsquo;ait pas de r\u00e9elle importance en soi, il est utile dans nos points de vues occidentaux, pour juger de notre progression et savoir \u00ab\u00a0o\u00f9 on en est\u00a0\u00bb.<\/p>\n\n\n\n<p>En pratique, pr\u00e9parer un grade, c&rsquo;est aussi apprendre \u00e0 se concentrer, se pr\u00e9parer \u00e0 tout type d&rsquo;examen (m\u00eame scolaire), apprendre \u00e0 \u00eatre jug\u00e9. Cela \u00ab\u00a0impose\u00a0\u00bb au pratiquant un s\u00e9rieux dans l&rsquo;apprentissage des noms de techniques, \u00e0 r\u00e9viser, se tenir en forme&#8230; Tout \u00e7a fait que g\u00e9n\u00e9ralement un grade pr\u00e9par\u00e9 donne l&rsquo;impression au pratiquant d&rsquo;avoir progress\u00e9. Mais son progr\u00e8s n&rsquo;est pas d\u00fb \u00e0 la couleur de la ceinture mais au temps qu&rsquo;il a pass\u00e9 \u00e0 s&rsquo;y pr\u00e9parer&#8230;<\/p>\n\n\n\n<p>En r\u00e9alit\u00e9, quand un professeur ,propose son \u00e9l\u00e8ve \u00e0 un grade, il consid\u00e8re qu&rsquo;il est d\u00e9j\u00e0 pr\u00eat. L&rsquo;examen est l\u00e0 pour permettre \u00e0 l&rsquo;\u00e9l\u00e8ve d&rsquo;en prendre conscience !<\/p>\n\n\n\n<h3>Grades couleurs :<\/h3>\n\n\n\n<ul>\n<li>d\u00e9butant : ceinture blanche<\/li>\n\n\n\n<li>apr\u00e8s 3 \u00e0 6 mois : ceinture jaune<\/li>\n\n\n\n<li>apr\u00e8s 6 \u00e0 9 mois : ceinture orange<\/li>\n\n\n\n<li>apr\u00e8s 1 an : ceinture verte (fin du 1er stage d\u2019apprentissage)<\/li>\n\n\n\n<li>apr\u00e8s 1 an : ceinture bleue<\/li>\n\n\n\n<li>apr\u00e8s 1 an : ceinture marron<\/li>\n\n\n\n<li>apr\u00e8s 1 an : ceinture noire (fin du 2\u00e8me stage d\u2019apprentissage)<\/li>\n<\/ul>\n\n\n\n<p>il faut environ 5 ann\u00e9es de pratique pour pr\u00e9tendre \u00e0 une ceinture noire et un \u00e2ge minimum de 16 ans dans l\u2019ann\u00e9e du passage.<\/p>\n\n\n\n<p>La ceinture noire ouvre la porte aux techniques sup\u00e9rieures, au passages de dipl\u00f4mes d\u2019enseignants, et permet d\u2019int\u00e9grer le coll\u00e8ge des ceintures noires qui participent progressivement aux d\u00e9cisions de leur club. \u00catre ceinture noire dans les arts martiaux, signifie avoir atteint des ann\u00e9es de pratique qui imposent le respect, ne serait-ce que pour le temps pass\u00e9, le courage d&rsquo;avoir affront\u00e9 les \u00e9preuves, d&rsquo;avoir \u00e9t\u00e9 jusque l\u00e0 sans faillir&#8230; Bref, tout \u00e7a peut paraitre un peu d\u00e9pass\u00e9, mais rapproche des valeurs des anciens guerriers (samoura\u00efs ou autres).<\/p>\n\n\n\n<p>En a\u00efkivudao on attache de l&rsquo;importance \u00e0 ces valeurs. Une ceinture noire dispose du privil\u00e8ge d&rsquo;autoriser les enfants \u00e0 rentrer sur le tatami, de celui d&rsquo;\u00eatre \u00e9cout\u00e9 quand il fait une remarque, &#8230; Mais elle dispose surtout du devoir d&rsquo;\u00eatre droite, respectueuse des valeurs des arts martiaux, tol\u00e9rante, de prot\u00e9ger les autres \u00e9l\u00e8ves, de les conduire \u00e0 progresser, de les motiver, de les encourager, d&rsquo;\u00eatre honorable et courageuse, d&rsquo;\u00eatre volontaire et disponible, d&rsquo;\u00eatre fid\u00e8le \u00e0 son maitre et \u00e0 son \u00e9cole&#8230; L&rsquo;\u00e9quilibre n&rsquo;est donc pas conserv\u00e9. La ceinture noire est un peu le chevalier dont on ne doit jamais pouvoir douter !<\/p>\n\n\n\n<h3><strong>Grades sup\u00e9rieurs A\u00cfKIVUDAO :<\/strong><\/h3>\n\n\n\n<p>Les grades sup\u00e9rieurs a\u00efkivudao sont appel\u00e9s DANG et sont ensuite pass\u00e9s en fonction des possibilit\u00e9s de chacun, du niveau acquis, de l\u2019investissement, mais se font sur proposition du professeur. Avec un minimum entre chaque niveau de :<\/p>\n\n\n\n<ul>\n<li>1 an pour un 1er DANG<\/li>\n\n\n\n<li>2 ans pour un 2\u00e8me DANG<\/li>\n\n\n\n<li>3 ans pour un 3\u00e8me DANG<\/li>\n\n\n\n<li>4 ans pour un 4\u00e8me DANG<\/li>\n\n\n\n<li>5 ans pour un 5\u00e8me DANG<\/li>\n<\/ul>\n\n\n\n<figure class=\"wp-block-image\"><a href=\"https:\/\/aikivudao.com\/wp-content\/uploads\/2015\/03\/IMG_0055.jpg\"><img decoding=\"async\" loading=\"lazy\" width=\"300\" height=\"200\" src=\"https:\/\/aikivudao.com\/wp-content\/uploads\/2015\/03\/IMG_0055-300x200.jpg\" alt=\"IMG_0055\" class=\"wp-image-27\" srcset=\"https:\/\/aikivudao.com\/wp-content\/uploads\/2015\/03\/IMG_0055-300x200.jpg 300w, https:\/\/aikivudao.com\/wp-content\/uploads\/2015\/03\/IMG_0055-1024x682.jpg 1024w\" sizes=\"(max-width: 300px) 100vw, 300px\" \/><\/a><\/figure>\n\n\n\n<h3><strong>Grades FFST :<\/strong><\/h3>\n\n\n\n<p>La FFST permet de passer des grades de niveaux (\u00e9quivalents de DAN) : 1er niveau, 2\u00e8me niveau, 3\u00e8me niveau &#8230;<\/p>\n\n\n\n<h3>Dipl\u00f4mes d\u2019enseignement<\/h3>\n\n\n\n<ul>\n<li>Les dipl\u00f4mes d\u2019animateurs f\u00e9d\u00e9raux sont propos\u00e9s en interne \u00e0 partir de la ceinture verte. Ils ont pour but de r\u00e9compenser un pratiquant qui s\u2019investit dans l&rsquo;enseignement de son club au c\u00f4t\u00e9 de son professeur.<\/li>\n\n\n\n<li>Les dipl\u00f4mes d\u2019instructeurs f\u00e9d\u00e9raux sont propos\u00e9s \u00e0 partir de la ceinture noire. Ils sont pass\u00e9s devant un jury officiel compos\u00e9 de hauts grad\u00e9s A\u00efkivudao et de repr\u00e9sentants de la FFST. Le DIF est obtenu apr\u00e8s un <strong>tronc commun th\u00e9orique<\/strong> et un <strong>sp\u00e9cifique <\/strong>correspondant \u00e0 la discipline. Le DIF FFST est <strong>reconnu par jeunesse et sports<\/strong> et fait l&rsquo;objet d&rsquo;un enregistrement officiel.<\/li>\n\n\n\n<li>Les dipl\u00f4mes d\u2019\u00e9tats vietnamiens sont propos\u00e9s par la f\u00e9d\u00e9ration internationale du Vietnam et sont reconnus \u00e0 l\u2019international.Ils r\u00e9compensent une pratique, un investissement et donnent lieu \u00e0 une&nbsp; validation au Vietnam lors d\u2019un stage.A ce jour, le plus haut grad\u00e9 du Vietnam est le maitre Jean-Pierre ROUVIERE, 7\u00e8me DANG et Dipl\u00f4m\u00e9 d\u2019\u00e9tat vietnamien CAP 17\/18 (ceinture blanche A\u00efki Vu Dao). Ils ne sont plus propos\u00e9 \u00e0 ce jour au sein de l&rsquo;\u00e9cole.<\/li>\n<\/ul>\n","protected":false},"excerpt":{"rendered":"<p>\u00a0 Les grades : En A\u00efki Vu Dao, nous avons adopt\u00e9 un syst\u00e8me de passage de grades \u00e9quivalent au judo ou au vietvudao. Il s\u2019agit de ceintures de couleurs jusqu\u2019\u00e0 la ceinture noire puis de grades appel\u00e9s Dang (pour notre lien avec les arts martiaux vietnamiens). Bien que le grade &hellip;<\/p>\n","protected":false},"author":1,"featured_media":0,"parent":20,"menu_order":3,"comment_status":"open","ping_status":"open","template":"","meta":[],"yoast_head":"<!-- This site is optimized with the Yoast SEO plugin v21.1 - https:\/\/yoast.com\/wordpress\/plugins\/seo\/ -->\n<title>Grades - AIKI VU DAO<\/title>\n<meta name=\"robots\" content=\"index, follow, max-snippet:-1, max-image-preview:large, max-video-preview:-1\" \/>\n<link rel=\"canonical\" href=\"https:\/\/aikivudao.com\/?page_id=24\" \/>\n<meta property=\"og:locale\" content=\"fr_FR\" \/>\n<meta property=\"og:type\" content=\"article\" \/>\n<meta property=\"og:title\" content=\"Grades - AIKI VU DAO\" \/>\n<meta property=\"og:description\" content=\"\u00a0 Les grades : En A\u00efki Vu Dao, nous avons adopt\u00e9 un syst\u00e8me de passage de grades \u00e9quivalent au judo ou au vietvudao. Il s\u2019agit de ceintures de couleurs jusqu\u2019\u00e0 la ceinture noire puis de grades appel\u00e9s Dang (pour notre lien avec les arts martiaux vietnamiens). Bien que le grade &hellip;\" \/>\n<meta property=\"og:url\" content=\"https:\/\/aikivudao.com\/?page_id=24\" \/>\n<meta property=\"og:site_name\" content=\"AIKI VU DAO\" \/>\n<meta property=\"article:modified_time\" content=\"2023-07-30T14:02:39+00:00\" \/>\n<meta property=\"og:image\" content=\"http:\/\/aikivudao.com\/wp-content\/uploads\/2015\/03\/IMG_0149-300x200.jpg\" \/>\n<meta name=\"twitter:card\" content=\"summary_large_image\" \/>\n<script type=\"application\/ld+json\" class=\"yoast-schema-graph\">{\"@context\":\"https:\/\/schema.org\",\"@graph\":[{\"@type\":\"WebPage\",\"@id\":\"https:\/\/aikivudao.com\/?page_id=24\",\"url\":\"https:\/\/aikivudao.com\/?page_id=24\",\"name\":\"Grades - AIKI VU DAO\",\"isPartOf\":{\"@id\":\"https:\/\/aikivudao.com\/#website\"},\"datePublished\":\"2015-03-02T08:52:38+00:00\",\"dateModified\":\"2023-07-30T14:02:39+00:00\",\"breadcrumb\":{\"@id\":\"https:\/\/aikivudao.com\/?page_id=24#breadcrumb\"},\"inLanguage\":\"fr-FR\",\"potentialAction\":[{\"@type\":\"ReadAction\",\"target\":[\"https:\/\/aikivudao.com\/?page_id=24\"]}]},{\"@type\":\"BreadcrumbList\",\"@id\":\"https:\/\/aikivudao.com\/?page_id=24#breadcrumb\",\"itemListElement\":[{\"@type\":\"ListItem\",\"position\":1,\"name\":\"Accueil\",\"item\":\"https:\/\/aikivudao.com\/\"},{\"@type\":\"ListItem\",\"position\":2,\"name\":\"AKVDF\",\"item\":\"https:\/\/aikivudao.com\/?page_id=20\"},{\"@type\":\"ListItem\",\"position\":3,\"name\":\"Grades\"}]},{\"@type\":\"WebSite\",\"@id\":\"https:\/\/aikivudao.com\/#website\",\"url\":\"https:\/\/aikivudao.com\/\",\"name\":\"AIKI VU DAO\",\"description\":\"Ecole d&#039;A\u00efkido - art martial japonais, aikibudoviet\",\"potentialAction\":[{\"@type\":\"SearchAction\",\"target\":{\"@type\":\"EntryPoint\",\"urlTemplate\":\"https:\/\/aikivudao.com\/?s={search_term_string}\"},\"query-input\":\"required name=search_term_string\"}],\"inLanguage\":\"fr-FR\"}]}<\/script>\n<!-- \/ Yoast SEO plugin. -->","yoast_head_json":{"title":"Grades - AIKI VU DAO","robots":{"index":"index","follow":"follow","max-snippet":"max-snippet:-1","max-image-preview":"max-image-preview:large","max-video-preview":"max-video-preview:-1"},"canonical":"https:\/\/aikivudao.com\/?page_id=24","og_locale":"fr_FR","og_type":"article","og_title":"Grades - AIKI VU DAO","og_description":"\u00a0 Les grades : En A\u00efki Vu Dao, nous avons adopt\u00e9 un syst\u00e8me de passage de grades \u00e9quivalent au judo ou au vietvudao. Il s\u2019agit de ceintures de couleurs jusqu\u2019\u00e0 la ceinture noire puis de grades appel\u00e9s Dang (pour notre lien avec les arts martiaux vietnamiens). Bien que le grade &hellip;","og_url":"https:\/\/aikivudao.com\/?page_id=24","og_site_name":"AIKI VU DAO","article_modified_time":"2023-07-30T14:02:39+00:00","og_image":[{"url":"http:\/\/aikivudao.com\/wp-content\/uploads\/2015\/03\/IMG_0149-300x200.jpg"}],"twitter_card":"summary_large_image","schema":{"@context":"https:\/\/schema.org","@graph":[{"@type":"WebPage","@id":"https:\/\/aikivudao.com\/?page_id=24","url":"https:\/\/aikivudao.com\/?page_id=24","name":"Grades - AIKI VU DAO","isPartOf":{"@id":"https:\/\/aikivudao.com\/#website"},"datePublished":"2015-03-02T08:52:38+00:00","dateModified":"2023-07-30T14:02:39+00:00","breadcrumb":{"@id":"https:\/\/aikivudao.com\/?page_id=24#breadcrumb"},"inLanguage":"fr-FR","potentialAction":[{"@type":"ReadAction","target":["https:\/\/aikivudao.com\/?page_id=24"]}]},{"@type":"BreadcrumbList","@id":"https:\/\/aikivudao.com\/?page_id=24#breadcrumb","itemListElement":[{"@type":"ListItem","position":1,"name":"Accueil","item":"https:\/\/aikivudao.com\/"},{"@type":"ListItem","position":2,"name":"AKVDF","item":"https:\/\/aikivudao.com\/?page_id=20"},{"@type":"ListItem","position":3,"name":"Grades"}]},{"@type":"WebSite","@id":"https:\/\/aikivudao.com\/#website","url":"https:\/\/aikivudao.com\/","name":"AIKI VU DAO","description":"Ecole d&#039;A\u00efkido - art martial japonais, aikibudoviet","potentialAction":[{"@type":"SearchAction","target":{"@type":"EntryPoint","urlTemplate":"https:\/\/aikivudao.com\/?s={search_term_string}"},"query-input":"required name=search_term_string"}],"inLanguage":"fr-FR"}]}},"_links":{"self":[{"href":"https:\/\/aikivudao.com\/index.php?rest_route=\/wp\/v2\/pages\/24"}],"collection":[{"href":"https:\/\/aikivudao.com\/index.php?rest_route=\/wp\/v2\/pages"}],"about":[{"href":"https:\/\/aikivudao.com\/index.php?rest_route=\/wp\/v2\/types\/page"}],"author":[{"embeddable":true,"href":"https:\/\/aikivudao.com\/index.php?rest_route=\/wp\/v2\/users\/1"}],"replies":[{"embeddable":true,"href":"https:\/\/aikivudao.com\/index.php?rest_route=%2Fwp%2Fv2%2Fcomments&post=24"}],"version-history":[{"count":7,"href":"https:\/\/aikivudao.com\/index.php?rest_route=\/wp\/v2\/pages\/24\/revisions"}],"predecessor-version":[{"id":3011,"href":"https:\/\/aikivudao.com\/index.php?rest_route=\/wp\/v2\/pages\/24\/revisions\/3011"}],"up":[{"embeddable":true,"href":"https:\/\/aikivudao.com\/index.php?rest_route=\/wp\/v2\/pages\/20"}],"wp:attachment":[{"href":"https:\/\/aikivudao.com\/index.php?rest_route=%2Fwp%2Fv2%2Fmedia&parent=24"}],"curies":[{"name":"wp","href":"https:\/\/api.w.org\/{rel}","templated":true}]}}